3 + 53).
28
What is the value of (-14 - -65) + -25 + 11 + 14 - (1 - 15)?
65
Evaluate 3 + 6 + 11 + -11 + -2 + 0 + 25.
32
-31 - -28 - (-20 - (20 + 25))
62
What is -7 + -4 + -45 + 18 + 112?
74
What is the value of 29 + 3 - (-1483 - -1556)?
-41
Evaluate (-18163 - -18174) + (2 + 134 - 3).
144
What is (400 - 421 - (-22 + 1)) + -42?
-42
-19 + -22 + (-68 - -45)
-64
(101 - -1) + 27 + -10 + 23 + -51 - -14
105
Evaluate -2 + 3 - 4 - 50 - (-53 + (-75 - -119)).
-44
Calculate 30 - (22 + -8 + 34 + -31) - (130 - -1).
-118
0 + 7 + 7 + 44 + -98
-40
Calculate (48 - 112 - -66) + 28.
30
Evaluate 17 + 16 + (-93 - -115).
55
Calculate 1809 + -1841 - (1 + -19).
-14
Calculate 117 + -96 + -18 + 0 + (2 - (-10 + -1)).
16
What is (-2 - 16 - 0) + (139 + -76 - 56) + -43?
-54
What is 42 - (44 + -14 + -29)?
41
Calculate (5 - 30) + -22 + -11 + -9 + -1.
-68
Evaluate 45 + (-23 - (2 - 27 - -29)).
18
What is 10 + (-7 - -14) + -102 + (2 - -10)?
-73
What is -55 - (-269 - -118 - -32)?
64
Calculate (1 - -13) + (-80 - (-8 - -14)).
-72
What is the value of -46 - (-9 + 6 - 6 - 0)?
-37
What is the value of (-145 - -314) + -140 + (1 - 28)?
2
Calculate (-132 - (-147 - -98)) + 136.
53
(0 - 59) + -16502 + 16537
-24
What is the value of (11 - 46 - 29) + 15 + -30?
-79
-45 - (-104 - -93 - (-14 + 1))
-47
What is the value of -19 - (17 - (-2 - (16 + -2 - 24)))?
-28
Calculate (-18 + 16 - -23) + (1 - 7) - 28.
-13
Calculate 68 + (101 - 157) - (-55 - (1 + 0)).
68
What is the value of (-4 - (-24 + 11 + 25 + -7)) + -29?
-38
Calculate 52 + (-51 - -6) - (2 + -59) - 16.
48
Evaluate 8 + (7 + -2 + -6 - 3 - (89 + -89)).
4
Calculate -10 - (-9 + -17 + 32 - 43 - 10).
37
(-29 - 22) + 40 + -19
-30
What is -4 - (-31 + -6 + 6 + -9 + 10)?
26
Calculate -19 + (-1 - -4) + 147 + -101 + -12.
18
What is (-14 - (-22 - 5) - 10) + 13?
16
What is the value of (5 - -1) + (72 + -15 + -20 - -2)?
45
(10 + 60 + -20 - 22) + -18
10
(13 - (-4 - (44 + -40))) + 29
50
-84 - (-12 + 27 + -76)
-23
What is the value of (77 - -6) + -214 - -111?
-20
What is the value of 50 + 73 + -97 + (7 - -3 - 11)?
25
Calculate -6 + 23 - (-27 - (21 + -12)).
53
What is the value of -8 - ((176 - 181) + 1 + -3 + -64 + 2)?
61
What is 22 - ((2396 - 2389) + 0 + 1 + 94)?
-80
What is the value of -29 + 5 + -160 + 169 - (-1 - -3)?
-17
641 + -681 - (1 - 30)
-11
(-8 - -65) + (-10 - 16)
31
What is 22 + 66 - (-7 + 112)?
-17
What is the value of -11 - -49 - (131 - 8)?
-85
What is -15 - (16 + 74 - 29) - -16?
-60
Calculate 45 - (22 + -22 + -11 - -17).
39
What is the value of 1 + -8 - (-11 + -4 - 49 - -22)?
35
4304 + -4069 - (121 + -3)
117
-45 + 6 + 2 + 111 + -7
67
Evaluate -8 - (6 + (-36 - -30)).
-8
Calculate (-5 - -68) + -2 + (-320 - -330 - (6 + -1)).
66
Evaluate -33 + (46 - -39) + -72.
-20
Calculate (-1 - 1) + (-9 + 36 - (171 + -168)).
22
What is the value of (29 - (60 + -14)) + 45 + -84?
-56
3 + 1 + -12 + (-49 + 16 - 3)
-44
23 + -101 - (11 - (7 - 13) - 13)
-82
Calculate (-6 - 4) + 12 + -5 + -1 - 18.
-22
Calculate -6 - (14 - (5 + 0 + 20)).
5
(-245 - -241) + (-24 - (8 - 9))
-27
Evaluate -10 + (10 - 24) + (-51 - -14).
-61
Evaluate (-36 - -37) + -5 + 20 + -63.
-47
Evaluate -2 + 8 + -14 + 82 + (5 - 19).
60
What is the value of (-14 + (9 - -11) - 20 - -11) + 53 + 0?
50
What is -1147 - -1187 - (1 + 33)?
6
What is the value of -117 + (1 - (-174 + -46))?
104
Calculate 4 - (98 - 43 - 49).
-2
Calculate 22 + -61 + 17 + -34 - (-1 + -11).
-44
20 + -3 + -37 + (-14 - -60)
26
Evaluate (10 - (12 + -19 - -6)) + 7 + -34.
-16
Calculate -33 - (-20 - 18 - 57) - -18.
80
Evaluate 13 + -57 + (-11 - (-19 - 2) - 5) - -13.
-26
-5 + (7 - 21) + 30 + -30 + -75
-94
(3 - ((3 - -1 - -1) + -1)) + -5531 + 5569
37
Calculate 352 + -375 + (2 - -30) - (-2 + 1 - -35).
-25
Evaluate 6 + (0 + (-14 - -5) + 16 - -43) + 8.
64
What is the value of 11 - -2 - (17 + 2 + 0 - (39 + -30))?
3
What is the value of -4 + (14 - (-1 + 0)) - (-25 - -9 - -3)?
24
98 - 39 - (-21 + 101)
-21
What is -3 - -50 - (-5 - -1) - (-83 + 87)?
47
47 + (63 - 142) - (-20 + 20)
-32
Evaluate (-6 + 0 - (-3 - 10)) + (65 - (23 - -14)).
35
Evaluate (135 - 179) + (-4 - 1) + 29.
-20
What is 34 - (24 - -4) - (-7 + 6 + -6)?
13
-24 - ((-20 - 2) + 18 + 1 + 3) - -9
-15
Calculate -15 + 45 - (18 + -7 + 5 - -10).
4
(-3 - 53) + 39 - (3 - -3 - 4)
-19
Calculate (6 - (0 - (4 - 2))) + 1 - (-282 - -333).
-42
Calculate 16 + -1 + (1 - (59 - 52)) - (-54 + -1).
64
Evaluate 12 + -38 + (32 - 21) + 22 + 1 + -89.
-81
What is the value of -20 + 11 - (0 + -2) - (-62 - (-23 - -38))?
70
What is (7 - 44 - 8) + 16 + -10 + -1?
-40
-4 + 2 + (44 - 34) + -3 + 3 + -43
-35
What is -76 + 1 - (-14 - (0 + -27 + (872 - 855)))?
-71
What is the value of -51 + (112 - (26 + 78))?
-43
What is -29 - ((18 - 19) + -22) - (-49 - 2)?
45
What is (-760 - -787 - (17 - 1)) + (9 - -1)?
21
What is -78 + 36 + 22 + 15?
-5
(0 - (26 - (-21 - (-23 - 20)))) + -60
-64
What is (96 + -61 - 105) + -39 + 1?
-108
What is 36 + (-147 - -24) + 6?
-81
What is the value of -2 + -14 + 4 + (-49 - -24) + 75?
38
What is the value of (47 - 32) + (-9 - -4 - 3) + 52?
59
Calculate 34 + (-38 - -3) + -31 - 19.
-51
3 + 78 + 3 + -62
22
Calculate -1 + 1 + (2 + 25 + -7 - (5 + 116)).
-101
(3 - 14 - -13) + (8 - 4 - -8)
14
What is (-53 - -165 - 91) + 26?
47
Calculate (-10 - 26) + 115 - 53.
26
Evaluate (0 - 88) + 38 + (0 - 53) + 12 - 12.
-103
What is (33 - ((8 - 22) + 33)) + (2 - 24)?
-8
What is the value of -16 + -84 - -51 - -21?
-28
Calculate 43 - (-12 + 2 - ((-40 - -13) + 32)).
58
Calculate (1 - 28) + (-21982 - -22085).
76
What is 55 - (-53 - 136) - 161?
83
What is (0 - 7) + (-122 + 120 - (33 - 0))?
-42
What is the value of -89 - 172 - -263 - (0 - 0 - -13)?
-11
What is the value of 14 + 20 - (27 - -44)?
-37
Calculate 132 - (-16 - ((-22 + 22 - 1) + 0)).
147
Calculate -11 - (43 - 31 - (3 + 34)) - -2.
16
Calculate -67 - ((24 - 82) + 58 + (16 - 0)).
-83
What is the value of -14 + 0 + ((-3 - -12) + (176 - 197) - -1)?
-25
-35 + ((-40 - -30) + 1 - 21)
-65
Calculate (13 - 37) + -49 + 154.
81
What is the value of 34 - 293 - (-113 + -7)?
-139
What is the value of (-54 - (88 - 178)) + -22?
14
-1 + 2 + 90 + -25 + -44 + 3
25
2 + 95 + (1427 - 1487)
37
Evaluate (68 - (42 - -47)) + -3.
-24
What is (7 - (-9 + 26) - -3) + -4 + 11 + -14?
-14
What is the value of (-17 - -29 - -8) + (12 - -36)?
68
What is the value of 0 + 17 - (92 + -34) - (-5 + -6)?
-30
What is -74 + 227 + -124 + 42?
71
Evaluate (-21 + 0 - (76 - 109 - -14)) + 29 + 0.
27
-20 + -6 + (6 - -4 - -9) + 3 + 97
93
Evaluate 1 + (-28 - (-14 + (2 + -2 - -19))).
-32
What is 1 - (15 - (15 + 52 - (-2 + -3)))?
58
Evaluate (1 - -24) + (-4739 - -4680).
-34
192 + -87 + -38 + -2 + 6
71
Calculate -883 + 861 + (1 - 52).
-73
What is (-55 - 1 - 4) + -90 + 105?
-45
What is the value of -1560 + 1577 + -1 + (0 - 52) + -1 + 0?
-37
Evaluate (7360 - 7388) + -5 + 2 + 0.
-31
Calculate 12 - (17 - (-31 - -48)).
12
What is the value of (-70 - -30) + -8 + -30?
-78
Evaluate 18 + (10 - -10) + -19 + -6.
13
What is the value of 1 + -5 - (6 + 3 + (67 - 55) + -17)?
-8
What is 295 + -316 - (-9 - (-52 + (-3 - -8)))?
-59
What is (44 - (75 - -132)) + 89?
-74
What is the value of 3029 - 3007 - (5 - -37)?
-20
-2419 + 2436 + (1 - 17)
1
Calculate 0 + -2 - 24 - (-14495 - -14526).
-57
What is 203 + -111 + -90 + 2 + 73 + -2?
75
Evaluate 1 + 94 + -3 + 9 + -35 + 60 + -40.
86
-60 + 19 + 125 - (3 - -17)
64
(-1 - -11) + -1586 + 1563 - 16
-29
What is the value of 117 + 1 + 21 + -10 + (24 - (-14 + 48))?
119
What is the value of 0 + -55 + (-455 - -439) + (22 - 2)?
-51
Evaluate (0 + 47 - 2) + (132 - 151 - (0 - 10)).
36
What is the value of (121 + -76 - 53) + (24 - (0 + -2)) + 0?
18
What is -323 + 320 - (-5 + 2 - -44)?
-44
What is -1 - -81 - (-71 + 129)?
22
Calculate (9 - -64) + (120 - 166).
27
What is the value of 143 - (-58 - -108) - 130?
-37
Calculate 36 + (21 - 104) - -33 - (2 + 31).
-47
What is the value of -103 + (61 - -53) - (18 - 1) - -75?
69
What is the value of 19 + -37 + -14 + -12 + 18?
-26
What is the value of 24 - (14 - 47 - -11)?
46
What is the value of 138 + -25 + -66 + 43?
90
Calculate -8 + -134 + (25 + 2 - 24) + (0 - -7).
-132
Calculate 4 - (10 + (-8 - 4)) - (-28 + 0) - 4.
30
Evaluate -1010 - -1090 - (64 + -1).
17
What is the value of (-209 - -220) + 2 + (2 - -56) + (-3 - -6)?
74
Calculate -10 + (12 - 19 - -24 - (8 + -1)) - -3.
3
-3 +